se 5, what is 4 - -31402?
31411
In base 12, what is 5 - 1038?
-1033
In base 4, what is -10 + 2222?
2212
In base 11, what is -1 - -2?
1
In base 16, what is 9b2 - -2?
9b4
In base 15, what is -613 + 7?
-60b
In base 9, what is -26 + -18?
-45
In base 9, what is -1 - -3042?
3041
In base 6, what is 42 + 1?
43
In base 8, what is -202 - -1?
-201
In base 3, what is -112101 + 12?
-112012
In base 14, what is 0 - -3b0?
3b0
In base 3, what is -2 + 1022220?
1022211
In base 7, what is -25 - 23?
-51
In base 11, what is -7 + -7?
-13
In base 13, what is -2 - -14c0?
14bb
In base 12, what is -74 - -6?
-6a
In base 12, what is -2 + -179?
-17b
In base 4, what is -133 - 3303?
-10102
In base 15, what is -171 - -4?
-16c
In base 5, what is 241 - 3?
233
In base 16, what is -1 + 137?
136
In base 14, what is 93 + 2c?
c1
In base 6, what is -1145 + -1?
-1150
In base 10, what is 40 - 2?
38
In base 2, what is 1 - -11011011?
11011100
In base 2, what is 10100011 - -101?
10101000
In base 14, what is 2 - 93?
-91
In base 11, what is a0 + 1?
a1
In base 14, what is 1 - -330?
331
In base 15, what is 1 + -14?
-13
In base 8, what is 4 + 15146?
15152
In base 4, what is 10001 - -10?
10011
In base 9, what is 3220 + 4?
3224
In base 6, what is -551 + 15?
-532
In base 9, what is 138 - -82?
231
In base 8, what is 1 + 426?
427
In base 3, what is 122010200 + -10?
122010120
In base 14, what is 280 - 9?
275
In base 8, what is -257 + -4?
-263
In base 6, what is 31 - -10?
41
In base 13, what is 3 + 13a1?
13a4
In base 6, what is -240205 - 5?
-240214
In base 16, what is -25 + 150?
12b
In base 8, what is -21 + -14?
-35
In base 2, what is -1101010100100001 - 11?
-1101010100100100
In base 5, what is 103 + -23?
30
In base 14, what is -37 - -5?
-32
In base 11, what is -409 + -4?
-412
In base 16, what is -21c + -3?
-21f
In base 4, what is -1120 + -131?
-1311
In base 8, what is 16 - 5?
11
In base 13, what is 0 + 30?
30
In base 4, what is 22 + 2201?
2223
In base 9, what is 4 - -101?
105
In base 7, what is 406 + 4?
413
In base 3, what is 1110 - -10020?
11200
In base 13, what is -5 + -8?
-10
In base 5, what is 210 + -3?
202
In base 5, what is 2 - -140?
142
In base 14, what is 1d7b + 4?
1d81
In base 15, what is 2 - 33?
-31
In base 15, what is -da - 5?
-e0
In base 2, what is -1001011011 - -1000?
-1001010011
In base 3, what is 1 - 20201?
-20200
In base 9, what is 23 + 1181?
1214
In base 6, what is -23 - -2?
-21
In base 2, what is -1000011101 - -110100?
-111101001
In base 14, what is -5 - 418?
-41d
In base 13, what is -a + -9?
-16
In base 16, what is 10f - -4?
113
In base 6, what is -2130 + -4?
-2134
In base 2, what is -10010100 - 101?
-10011001
In base 3, what is 1012 + 20?
1102
In base 16, what is 7 - -734?
73b
In base 10, what is 3 + -176?
-173
In base 6, what is 11215 - 5?
11210
In base 10, what is 18 + -50?
-32
In base 15, what is 19 - 1b0?
-196
In base 15, what is 241 - 11?
230
In base 15, what is -575c - -2?
-575a
In base 14, what is -1a + -7?
-23
In base 5, what is 2 - 111312?
-111310
In base 5, what is -3140 + -41?
-3231
In base 12, what is 16 + 24?
3a
In base 12, what is -4 - 54?
-58
In base 4, what is -3 - -131?
122
In base 10, what is -88 - -2?
-86
In base 13, what is 1 + -49?
-48
In base 8, what is -1222 - 5?
-1227
In base 8, what is 2 + 3?
5
In base 13, what is -5 - -32?
2a
In base 4, what is 101 - 2?
33
In base 3, what is 1211010 + 11?
1211021
In base 2, what is 100011001 + -1?
100011000
In base 4, what is -3 + 0?
-3
In base 7, what is -1 + -665?
-666
In base 15, what is -2 + 7b?
79
In base 11, what is 3348 + 4?
3351
In base 15, what is 1c + 1?
1d
In base 7, what is -102 + 22?
-50
In base 14, what is 37 + 0?
37
In base 6, what is -31 - 1?
-32
In base 5, what is -3 - -1224?
1221
In base 3, what is 1 - 1?
0
In base 13, what is 8 - 3c?
-34
In base 7, what is 333 - 45?
255
In base 3, what is 1201 + -1020?
111
In base 9, what is 5 + -123?
-117
In base 7, what is -330 - 65?
-425
In base 2, what is 111100 + 11101?
1011001
In base 14, what is 35 + -2c?
7
In base 2, what is 10111 + 1000?
11111
In base 16, what is 3 + -21?
-1e
In base 14, what is 82 - a?
76
In base 2, what is -10011000011000 + -10?
-10011000011010
In base 16, what is 190 + -2?
18e
In base 3, what is -11001 + -1022?
-12100
In base 15, what is -90 + 3?
-8c
In base 8, what is -1 - 127?
-130
In base 13, what is -9 + 23?
17
In base 13, what is -5350 - -1?
-534c
In base 7, what is 0 - 10632?
-10632
In base 6, what is -2 + -255?
-301
In base 14, what is -1107 - 2?
-1109
In base 3, what is 2010101 - 12?
2010012
In base 3, what is 202110 - 1010?
201100
In base 7, what is 5 - 356?
-351
In base 2, what is 11 + 0?
11
In base 13, what is -1 - -a?
9
In base 13, what is 14 + -15?
-1
In base 2, what is -1100 - 100110?
-110010
In base 9, what is -325 + 2?
-323
In base 4, what is 10 + -1213020?
-1213010
In base 11, what is -16746 - -3?
-16743
In base 13, what is 327 + 6?
330
In base 11, what is 0 - 35?
-35
In base 15, what is -1 + 17?
16
In base 10, what is -29 + -5?
-34
In base 10, what is -3 + 124?
121
In base 9, what is 0 - 0?
0
In base 4, what is -1022 - -20?
-1002
In base 8, what is -3 - 64?
-67
In base 6, what is -124 - -2?
-122
In base 2, what is 100010001101 + 101?
100010010010
In base 16, what is 1d2 - 5?
1cd
In base 4, what is -2321133 + -1?
-2321200
In base 3, what is -100 + -110?
-210
In base 12, what is -15 - -190?
177
In base 13, what is -15c - -4?
-158
In base 15, what is 284 + 0?
284
In base 15, what is 182 - -11?
193
In base 10, what is 224 + -8?
216
In base 12, what is 12 + 108?
11a
In base 11, what is -1 + 3a5?
3a4
In base 8, what is 340 - -1?
341
In base 16, what is 461d - 0?
461d
In base 13, what is b3 + 5?
b8
In base 14, what is 82 - -3?
85
In base 14, what is -3c0 - 2?
-3c2
In base 5, what is 3 + 204?
212
In base 8, what is 4 - -270?
274
In base 3, what is -1 - 112?
-120
In base 5, what is 1 + -110?
-104
In base 4, what is -10133023 - 0?
-10133023
In base 9, what is 0 - 52?
-52
In base 11, what is 16 - 3?
13
In base 6, what is -5 + -12534?
-12543
In base 7, what is 2053 - 6?
2044
In base 13, what is -2 - -b6?
b4
In base 2, what is -10011010101 + 1001?
-10011001100
In base 15, what is 5 - -478?
47d
In base 15, what is 1e + -117?
-e8
In base 8, what is -135162 + 2?
-135160
In base 12, what is -3a - 2?
-40
In base 14, what is 2 + -3?
-1
In base 8, what is -1 + -123?
-124
In base 3, what is -11011 - -101?
-10210
In base 15, what is 0 - 2b?
-2b
In base 11, what is 8 + -22?
-15
In base 7, what is 164 + -15?
146
In base 3, what is 10200 + -12?
10111
In base 4, what is 3211 + -2?
3203
In base 8, what is 3 + -137?
-134
In base 10, what is 3 + 6?
9
In base 3, what is -20002 + 101?
-12201
In base 10, what is 81 + 85?
166
In base 3, what is -1120 - 111?
-2001
In base 14, what is -4 + -77?
-7b
In base 6, what is 11340 + 2?
11342
In base 13, what is 5 - -11?
16
In base 8, what is 5 - 550?
-543
In base 13, what is -21b4 + 3?
-21b1
In base 6, what is -202 + -3?
-205
In base 16, what is -1 - -9e?
9d
In base 3, what is -102020 - -11?
-102002
In base 2, what is -10111000 - 10?
-10111010
In base 5, what is -1031 - 0?
-1031
In base 16, what is 19f + -3?
19c
In base 5, what is -2223 - 1?
-2224
In base 13, what is 3 + -5?
-2
In base 8, what is -1 + 10440?
10437
In base 14, what is -5 + -5d?
-64
In base 7, what is 63 - 13?
50
In base 2, what is -10000 - 1001110?
-1011110
In base 12, what is -1b - 94?
-b3
In base 4, what is 10 + -20120?
-20110
In base 16, what is 412 + 2?
414
In base 13, what is 2 + 21?
23
In base 9, what is 6 - -8?
15
In base 6, what is -2 + -125?
-131
In base 5, what is 2 - 32222?
-32220
In base 2, what is -110001100100 + 0?
-110001100100
In base 8, what is 3 - -2726?
2731
In base 6, what is 5 + -2455?
-2450
In base 12, what is 6 - 10?
-6
In base 15, what is -72a + -3?
-72d
In base 5, what is 24243 - -4?
24302
In base 13, what is -2 - -8?
6
In base 5, what is -44 - 1043?
-1142
In base 12, what is 32 + -3a?
-8
In base 2, what is 1011 - 110110000?
-110100101
In base 3, what is -1120021 - -10?
-1120011
In base 4, what is 11 + -130132?
-130121
In base 6, what is 0 + -451?
-451
In base 2, what is -11 + -1111100?
-1111111
In base 13, what is c56 - -16?
c6c
In base 16, what is -2 - -1d?
1b
In base 15, what is -18d - 1?
-18e
In base 11, what is 0 -